9
Calculate the remainder when 1344857 is divided by 1986.
335
Calculate the remainder when 141046 is divided by 16566.
8518
Calculate the remainder when 17237 is divided by 1078.
1067
What is the remainder when 74625 is divided by 17859?
3189
Calculate the remainder when 1491125 is divided by 561.
548
Calculate the remainder when 89824954 is divided by 20740.
14
What is the remainder when 2383399 is divided by 26?
5
Calculate the remainder when 1408009 is divided by 526.
433
What is the remainder when 3807826 is divided by 879?
877
Calculate the remainder when 11525279 is divided by 5762638.
3
What is the remainder when 7709348 is divided by 285526?
146
Calculate the remainder when 476239 is divided by 476125.
114
Calculate the remainder when 1703787 is divided by 2878.
11
Calculate the remainder when 52440 is divided by 748.
80
Calculate the remainder when 885406 is divided by 59.
52
What is the remainder when 57740499 is divided by 13602?
9
What is the remainder when 94457 is divided by 7263?
38
Calculate the remainder when 428818 is divided by 2364.
934
Calculate the remainder when 26717450 is divided by 640.
10
What is the remainder when 358835 is divided by 11213?
19
What is the remainder when 208128997 is divided by 638?
637
Calculate the remainder when 204195 is divided by 178.
29
Calculate the remainder when 11797178 is divided by 1808.
1786
Calculate the remainder when 2205988 is divided by 376.
372
What is the remainder when 6794599 is divided by 14?
7
Calculate the remainder when 245515 is divided by 81284.
1663
What is the remainder when 153699 is divided by 1848?
315
Calculate the remainder when 390839 is divided by 43355.
644
What is the remainder when 23517137 is divided by 3919487?
215
What is the remainder when 36403245 is divided by 22?
21
What is the remainder when 1784031 is divided by 892011?
9
Calculate the remainder when 37016 is divided by 1221.
386
Calculate the remainder when 3426006 is divided by 1478.
2
What is the remainder when 2698681 is divided by 1529?
1525
Calculate the remainder when 383148 is divided by 13676.
220
Calculate the remainder when 665050 is divided by 166260.
10
Calculate the remainder when 6089353 is divided by 1014892.
1
What is the remainder when 585335 is divided by 581986?
3349
What is the remainder when 1530669 is divided by 14435?
559
Calculate the remainder when 4789891 is divided by 1900.
1891
Calculate the remainder when 9720961 is divided by 4912.
113
Calculate the remainder when 47300410 is divided by 668.
666
Calculate the remainder when 1217768 is divided by 1217588.
180
Calculate the remainder when 512152 is divided by 3220.
172
Calculate the remainder when 1123518 is divided by 280872.
30
Calculate the remainder when 32711 is divided by 7978.
799
What is the remainder when 44757 is divided by 13926?
2979
Calculate the remainder when 123460 is divided by 401.
353
What is the remainder when 23358697 is divided by 259?
5
What is the remainder when 57709671 is divided by 80?
71
Calculate the remainder when 963084 is divided by 578.
136
What is the remainder when 11218 is divided by 807?
727
What is the remainder when 28136945 is divided by 14068458?
29
Calculate the remainder when 274972 is divided by 137446.
80
Calculate the remainder when 18362318 is divided by 99.
95
What is the remainder when 219101 is divided by 219085?
16
What is the remainder when 35789 is divided by 35646?
143
Calculate the remainder when 636538 is divided by 2061.
1750
Calculate the remainder when 499135 is divided by 1334.
219
What is the remainder when 3289274 is divided by 1699?
10
What is the remainder when 503545 is divided by 125865?
85
Calculate the remainder when 40513521 is divided by 606.
603
Calculate the remainder when 838550 is divided by 31.
0
Calculate the remainder when 376189694 is divided by 45.
44
What is the remainder when 2205700 is divided by 29404?
400
Calculate the remainder when 10714223 is divided by 537.
536
What is the remainder when 75915822 is divided by 170?
112
What is the remainder when 1232734 is divided by 1232674?
60
What is the remainder when 26775751 is divided by 1202?
1201
Calculate the remainder when 941259 is divided by 356.
351
Calculate the remainder when 132321 is divided by 66087.
147
What is the remainder when 1006423 is divided by 5?
3
What is the remainder when 7786176 is divided by 4264?
112
What is the remainder when 39701569 is divided by 611?
11
Calculate the remainder when 260061 is divided by 9387.
6612
Calculate the remainder when 667720 is divided by 2247.
361
What is the remainder when 251613 is divided by 65?
63
What is the remainder when 271931 is divided by 55?
11
Calculate the remainder when 10760681 is divided by 1221.
8
What is the remainder when 345757057 is divided by 362?
359
What is the remainder when 4246180 is divided by 468?
16
What is the remainder when 2335072 is divided by 236?
88
Calculate the remainder when 2628215 is divided by 278.
3
Calculate the remainder when 550030687 is divided by 32.
31
Calculate the remainder when 8337137 is divided by 3097.
13
What is the remainder when 18977 is divided by 2104?
41
Calculate the remainder when 2265605 is divided by 1132800.
5
What is the remainder when 64841 is divided by 29438?
5965
What is the remainder when 32932709 is divided by 5094?
5093
What is the remainder when 7304955 is divided by 197?
195
What is the remainder when 3098874 is divided by 63?
30
Calculate the remainder when 42376 is divided by 13711.
1243
What is the remainder when 78144378 is divided by 1511?
1502
What is the remainder when 46801 is divided by 9352?
41
What is the remainder when 132409 is divided by 1093?
156
What is the remainder when 41080783 is divided by 209?
161
What is the remainder when 563677 is divided by 140640?
1117
What is the remainder when 9095814 is divided by 9095805?
9
Calculate the remainder when 8335789 is divided by 22713.
118
What is the remainder when 35273601 is divided by 18267?
24
What is the remainder when 92364 is divided by 30763?
75
Calculate the remainder when 4644622 is divided by 68303.
18
What is the remainder when 256273 is divided by 7322?
3
Calculate the remainder when 14584 is divided by 1117.
63
Calculate the remainder when 400376 is divided by 400199.
177
What is the remainder when 96759119 is divided by 22?
17
Calculate the remainder when 6230520 is divided by 472.
120
Calculate the remainder when 596043 is divided by 539.
448
What is the remainder when 11866540 is divided by 409185?
175
Calculate the remainder when 28410 is divided by 327.
288
What is the remainder when 329071 is divided by 27297?
1507
What is the remainder when 85466411 is divided by 3?
2
What is the remainder when 37466883 is divided by 30?
3
What is the remainder when 71830 is divided by 17923?
138
Calculate the remainder when 1609726 is divided by 804773.
180
What is the remainder when 2180246 is divided by 4423?
4130
What is the remainder when 7352 is divided by 2723?
1906
What is the remainder when 128176787 is divided by 33?
2
Calculate the remainder when 1626210 is divided by 2020.
110
Calculate the remainder when 83295834 is divided by 4899753.
33
Calculate the remainder when 2110072 is divided by 19358.
50
What is the remainder when 1493902 is divided by 7700?
102
Calculate the remainder when 15930635 is divided by 5310160.
155
What is the remainder when 73906126 is divided by 3232?
3214
What is the remainder when 2514357 is divided by 422?
81
What is the remainder when 36353491 is divided by 500?
491
Calculate the remainder when 1644133 is divided by 328817.
48
What is the remainder when 528711 is divided by 334?
323
What is the remainder when 330901642 is divided by 1594?
1588
Calculate the remainder when 525598 is divided by 1820.
1438
Calculate the remainder when 8358564 is divided by 14048.
4
Calculate the remainder when 91291 is divided by 2893.
1608
What is the remainder when 7615804 is divided by 37?
20
What is the remainder when 1590886 is divided by 18938?
94
Calculate the remainder when 33614695 is divided by 149.
146
What is the remainder when 58419 is divided by 230?
229
What is the remainder when 2688875 is divided by 18549?
17819
Calculate the remainder when 3916341 is divided